digit of 532811833?
8
What is the thousands digit of 47348015?
8
What is the units digit of 5905369937?
7
What is the tens digit of 42594559?
5
What is the thousands digit of 100975199?
5
What is the ten thousands digit of 46785899?
8
What is the hundred millions digit of 611448325?
6
What is the hundred thousands digit of 426643676?
6
What is the hundred millions digit of 1222725673?
2
What is the millions digit of 1057770726?
7
What is the units digit of 405624508?
8
What is the units digit of 555399235?
5
What is the hundred millions digit of 727873106?
7
What is the ten millions digit of 2436505855?
3
What is the thousands digit of 65245788?
5
What is the thousands digit of 182318084?
8
What is the hundreds digit of 38172218?
2
What is the hundred thousands digit of 55440263?
4
What is the ten thousands digit of 75271618?
7
What is the ten millions digit of 131285526?
3
What is the units digit of 68880329?
9
What is the tens digit of 3257641150?
5
What is the ten millions digit of 1881633294?
8
What is the hundreds digit of 25025356?
3
What is the hundred thousands digit of 333670579?
6
What is the units digit of 315047328?
8
What is the ten thousands digit of 135101574?
0
What is the hundreds digit of 49469106?
1
What is the hundreds digit of 76716433?
4
What is the millions digit of 360004007?
0
What is the thousands digit of 4721561?
1
What is the hundred millions digit of 118673496?
1
What is the units digit of 176617299?
9
What is the units digit of 46263836?
6
What is the hundreds digit of 20639072?
0
What is the units digit of 1160473529?
9
What is the units digit of 413568587?
7
What is the millions digit of 53220219?
3
What is the thousands digit of 33445713?
5
What is the hundred millions digit of 531360452?
5
What is the hundred thousands digit of 527345386?
3
What is the millions digit of 337997694?
7
What is the units digit of 5429708984?
4
What is the tens digit of 287188264?
6
What is the ten thousands digit of 211698047?
9
What is the units digit of 116045776?
6
What is the tens digit of 1743547857?
5
What is the thousands digit of 117915055?
5
What is the tens digit of 241717645?
4
What is the thousands digit of 1004903736?
3
What is the millions digit of 68297189?
8
What is the millions digit of 738622721?
8
What is the ten millions digit of 71205594?
7
What is the ten thousands digit of 40488865?
8
What is the ten millions digit of 33790788?
3
What is the billions digit of 5041772652?
5
What is the tens digit of 36230665?
6
What is the millions digit of 1069343918?
9
What is the tens digit of 1773482461?
6
What is the thousands digit of 273983035?
3
What is the ten thousands digit of 405429438?
2
What is the millions digit of 297106093?
7
What is the ten thousands digit of 392085977?
8
What is the thousands digit of 9153010?
3
What is the hundred millions digit of 260472959?
2
What is the ten thousands digit of 103667692?
6
What is the hundred thousands digit of 698326000?
3
What is the hundreds digit of 2752564942?
9
What is the hundred thousands digit of 55753833?
7
What is the millions digit of 952293001?
2
What is the hundreds digit of 45708866?
8
What is the millions digit of 684396636?
4
What is the hundred millions digit of 464330556?
4
What is the thousands digit of 62571206?
1
What is the hundred thousands digit of 31503222?
5
What is the ten millions digit of 31493494?
3
What is the units digit of 1212305994?
4
What is the units digit of 93375452?
2
What is the hundred thousands digit of 1072724621?
7
What is the ten millions digit of 2252235957?
5
What is the millions digit of 549566106?
9
What is the units digit of 1238879708?
8
What is the tens digit of 56536202?
0
What is the thousands digit of 8537449058?
9
What is the millions digit of 187652248?
7
What is the hundred thousands digit of 132337778?
3
What is the millions digit of 3302857579?
2
What is the tens digit of 347194579?
7
What is the millions digit of 58772819?
8
What is the ten thousands digit of 47001298?
0
What is the tens digit of 684787794?
9
What is the thousands digit of 697372008?
2
What is the ten thousands digit of 33040442?
4
What is the hundred millions digit of 1291446133?
2
What is the hundreds digit of 96248129?
1
What is the tens digit of 1993975020?
2
What is the hundred thousands digit of 1531783468?
7
What is the ten millions digit of 21889832?
2
What is the tens digit of 1092053240?
4
What is the units digit of 240144876?
6
What is the hundred thousands digit of 117043589?
0
What is the ten thousands digit of 235064048?
6
What is the hundreds digit of 440604610?
6
What is the hundreds digit of 166006720?
7
What is the tens digit of 62184352?
5
What is the hundred thousands digit of 36977408?
9
What is the thousands digit of 273249758?
9
What is the thousands digit of 83964513?
4
What is the hundreds digit of 740496115?
1
What is the billions digit of 1725791972?
1
What is the millions digit of 270024791?
0
What is the thousands digit of 167213756?
3
What is the tens digit of 205072010?
1
What is the ten millions digit of 176060225?
7
What is the units digit of 15037647?
7
What is the hundred thousands digit of 432962054?
9
What is the units digit of 192324652?
2
What is the ten millions digit of 813766867?
1
What is the millions digit of 51158271?
1
What is the thousands digit of 54935902?
5
What is the ten millions digit of 1806917324?
0
What is the tens digit of 801218975?
7
What is the tens digit of 38859905?
0
What is the tens digit of 221554218?
1
What is the ten thousands digit of 10913955?
1
What is the hundred millions digit of 456623645?
4
What is the tens digit of 104916266?
6
What is the hundred millions digit of 2645468544?
6
What is the ten millions digit of 444580593?
4
What is the tens digit of 49925691?
9
What is the ten millions digit of 932349632?
3
What is the ten thousands digit of 309754446?
5
What is the hundreds digit of 7544454987?
9
What is the millions digit of 62504816?
2
What is the hundreds digit of 186106133?
1
What is the billions digit of 5490049010?
5
What is the hundred thousands digit of 524662509?
6
What is the billions digit of 2846693039?
2
What is the hundreds digit of 980165199?
1
What is the billions digit of 2445395115?
2
What is the tens digit of 4972000?
0
What is the thousands digit of 1452947348?
7
What is the tens digit of 1145948?
4
What is the tens digit of 33863127?
2
What is the tens digit of 1889825617?
1
What is the hundred thousands digit of 1314145858?
1
What is the tens digit of 278256331?
3
What is the billions digit of 1740628071?
1
What is the hundred millions digit of 578924194?
5
What is the millions digit of 668247502?
8
What is the thousands digit of 1027226878?
6
What is the millions digit of 38597201?
8
What is the hundreds digit of 1839054651?
6
What is the hundred thousands digit of 20324038?
3
What is the hundreds digit of 1748647436?
4
What is the millions digit of 373618171?
3
What is the units digit of 54417608?
8
What is the hundred thousands digit of 959909707?
9
What is the thousands digit of 187666611?
6
What is the hundred thousands digit of 2019577084?
5
What is the hundred thousands digit of 3381817213?
8
What is the hundred millions digit of 1650084066?
6
What is the millions digit of 1221933151?
1
What is the millions digit of 263771128?
3
What is the ten thousands digit of 28296746?
9
What is the tens digit of 66753602?
0
What is the ten millions digit of 365146192?
6
What is the ten thousands digit of 59726223?
2
What is the billions digit of 3613307484?
3
What is the millions digit of 9278934?
9
What is the hundred thousands digit of 1709006957?
0
What is the thousands digit of 26269085?
9
What is the hundred millions digit of 445648018?
4
What is the millions digit of 74046306?
4
What is the ten millions digit of 6381049912?
8
What is the tens digit of 164365854?
5
What is the millions digit of 3052635081?
2
What is the tens digit of 176754140?
4
What is the hundred thousands digit of 930127727?
1
What is the ten millions digit of 1533854486?
3
What is the thousands digit of 69096521?
6
What is the hundreds digit of 43190530?
5
What is the ten thousands digit of 335402105?
0
What is the millions digit of 66982825?
6
What is the units digit